uppose -q*l + 125 - 20 = 0. Is l prime?
False
Is ((-9)/6)/((-3)/746) composite?
False
Suppose 287 = 2*n - 3*o, -141 = -3*n + 5*o + 290. Is n a prime number?
False
Let f(q) = -q**3 - q**2 + 6*q + 3. Let l be f(-5). Suppose -w + 7*o = 3*o - l, 0 = 5*w - 3*o - 416. Is w a composite number?
True
Suppose 0*b + 16 = 3*w - b, 0 = -4*w - 4*b. Suppose w*f - 12 = -4, 3*v = 3*f. Suppose v*o - 47 = o. Is o a composite number?
False
Let t be 83/(30/(-20) - 2/(-4)). Let s be (-1)/3 + (-361)/(-3). Let d = s + t. Is d composite?
False
Let i(k) = 13*k**3 - 3*k**2 + 3*k + 2. Is i(3) a composite number?
True
Suppose 0 = -4*s - 17*s + 32403. Is s prime?
True
Suppose -9*m - 8098 = -11*m. Is m a composite number?
False
Suppose -5*h - 2*s = -4531, 3630 = 4*h + s - 2*s. Is h a prime number?
True
Let g(s) = 8*s**2 - s + 1. Let l be g(1). Let p(y) = -8*y - 1. Let v(f) = 8*f. Let a(m) = -5*p(m) - 4*v(m). Is a(l) a composite number?
True
Let r be (-2 + 9/6)*16. Let t = r + 12. Suppose -19 = -t*w + 137. Is w a composite number?
True
Is 6/51 - (-101331)/51 a composite number?
False
Let k = 14554 - 10283. Is k a prime number?
True
Let y be 4/10 - 146/(-10). Let v = 34 - y. Let u = v - 9. Is u a composite number?
True
Suppose -8 = d - 5*d, y - d = -26. Let q = y - -42. Suppose q = r - 3. Is r a composite number?
True
Let m(t) = t**2 - 2*t + 2. Let v be m(2). Suppose 4*j = v*d - 167 + 1, -2*j = -5*d + 423. Is d a prime number?
False
Is 1*2*2/4 + 1318 composite?
False
Is 3 + -261*2/(-3) prime?
False
Let n be ((-150)/(-4))/5*2. Let s be 3/n - (-1002)/15. Let t = s + -46. Is t a prime number?
False
Suppose -4*c = -2*c + 4*f - 2, -5*c = -3*f - 31. Suppose 5*u + c*i - 1155 = 0, 2*u - 356 = i + 118. Is u prime?
False
Suppose 3*r + 5*l - 560 = 0, -4*r - 3*l = 295 - 1038. Is r a composite number?
True
Let x = -30 + 33. Let g = 7 - -2. Is (-1)/((g/(-111))/x) composite?
False
Let s(i) = 3*i - 7. Suppose c - 28 = -3*c. Is s(c) a composite number?
True
Let y = -19 - -22. Suppose y*z - 476 = -c + 321, c = 2. Is z prime?
False
Let z(r) = 129*r - 23. Is z(8) a composite number?
False
Let n(i) = i**3 - i**2 - 4*i + 115. Is n(0) composite?
True
Suppose f - 3*z - 2*z + 535 = 0, -4*f = z + 2077. Let p = f - -891. Is p a prime number?
False
Let l(n) = -26*n - 1. Suppose b - 2 = 6. Suppose 2*c + b = 2. Is l(c) prime?
False
Suppose -l - 182 = 4*q, -q = 2*q - 2*l + 131. Let i = q + 66. Is i a prime number?
False
Let x be 447*(3 - (-4)/(-1)). Let u = x + 632. Is u a composite number?
True
Let k be 1 - (-3 + 6) - -256. Suppose -k + 819 = 5*n. Is n a composite number?
False
Let k be 8/((-3)/3*-2). Suppose 0 = -5*n - j - 1, 3*n + 4*j + k = -n. Suppose 0 = -n*z + 4*z - 104. Is z composite?
True
Let h(y) = 2*y. Let k(g) = -4*g + 1. Let j be k(-1). Is h(j) composite?
True
Let o(c) = -c + 4. Let m be o(8). Let t = 6 + m. Suppose 3*z - 71 = t*y, -2*z = 2*z + 5*y - 64. Is z a composite number?
True
Let f(l) = -l + 1. Let m be f(0). Suppose -18 = -2*n - 4*j, -4*j + 15 = -2*n + n. Is n + m + 57 + -4 a prime number?
False
Let q = 13 + 26. Is q a prime number?
False
Let k = -152 + 553. Is k a prime number?
True
Let j(o) = o**3 - 3*o**2 - 5*o + 4. Let s be j(4). Suppose -3*n + 9 = -s*n. Suppose -4*r + 3*r = n*d - 198, -3*d - 3*r + 192 = 0. Is d a composite number?
False
Let q(x) = -12*x + 7. Let p be q(5). Let v = p + 120. Is v prime?
True
Is 19710/42 - (-2)/(-7) composite?
True
Is 2/7 + (-5685)/(-21) prime?
True
Let u(w) = 1 + w**3 + 9 + 0 - 6*w + 6*w**2. Let n be u(-7). Suppose 0 = -h - g + 71, h - n*g - 59 = -g. Is h composite?
False
Let n(w) = w**3 - 6*w**2 - 8*w + 10. Let q be n(7). Suppose -3*z - q = -1185. Suppose 3*j - o = 392, -o + z = -j + 4*j. Is j composite?
False
Let t(m) = -2*m**3 + 32*m**2 - 18*m - 2. Is t(13) composite?
True
Suppose 7*d = -3*t + 3*d + 20, 5*t + 4*d - 20 = 0. Suppose -4*y - 35 + 167 = t. Is y a prime number?
False
Is 3*3783/9 - 2 a composite number?
False
Let n be (-1)/(-4) - (-7)/4. Is n - 3 - 24/(-2) a prime number?
True
Let b(k) = k - 11. Let s be b(5). Let a be (4 + -3)/(2/s). Is (-3)/(a/19)*1 a prime number?
True
Let k(y) = -y**2 - y - 1. Let t(n) = -6*n**2 - 6*n - 6. Let i(m) = 5*k(m) - t(m). Let z be i(0). Is 592/12 - z/3 prime?
False
Let t = -58 - -87. Suppose 2*q - 4*q + 26 = -g, 3*q + g - t = 0. Is q a composite number?
False
Let d(z) = 3*z**2 - 3. Let c be d(-4). Suppose 2*a = -a + c. Is a prime?
False
Let b(l) = l**3 - 3*l**2 - l - 4. Let p be b(-4). Let g = p + 189. Is g composite?
True
Suppose 4*y + 3079 = 3*a, 0 = 2*a + 2*a + 3*y - 4097. Suppose 0 = -3*w - 2*w - 5*l + a, -3*w + 613 = 2*l. Is w prime?
False
Suppose -4*m = -9*m - 1150. Let h = m - -379. Is h a prime number?
True
Let c(n) = -41*n + 20. Is c(-15) composite?
True
Is 345/9 - (-4)/(-12) prime?
False
Let k(t) = -49*t - 6. Let y(w) = 4 + 1 - 6. Let d(l) = -k(l) + 4*y(l). Is d(3) composite?
False
Suppose -3*z - 18 = -3*g, z = 2*g - 3*z - 18. Suppose -g + 43 = -4*p. Is (p - -3 - 0)*-5 composite?
True
Let a be 100/(-6)*(-18)/12. Suppose 0 = 2*z + a - 173. Suppose -4*y + z = -2*y. Is y a prime number?
True
Suppose -c - 2*c = 0. Let a be 10 - (-1)/(c + 1). Suppose f - a = -0. Is f a prime number?
True
Let x = -3 - -2. Let n be 2/(-6)*-3*x. Let d(q) = -12*q**3 + q**2 - q - 1. Is d(n) prime?
True
Suppose -4*v - c + 1224 = -5*c, -1537 = -5*v - 2*c. Is v composite?
False
Let w = -2 - -3. Suppose 0 = 4*g + 5 - w. Is g*(2/2 + -8) composite?
False
Let k = -92 + 559. Is k composite?
False
Let p(v) = v**3 + 15*v**2 - 10*v - 11. Is p(-11) a prime number?
False
Let v(h) = -6*h**2 - 11*h + 3. Let b(g) = -g**2 - g + 1. Let a(o) = -5*b(o) + v(o). Let j be a(-5). Is j/18*3*134 composite?
False
Suppose 0 = -3*s + 7*s - 12. Suppose -s*g - 2*g + 335 = 0. Let a = 126 - g. Is a a prime number?
True
Let k be (-12)/(-7) - 8/(-28). Is 1/k*(-776)/(-4) a prime number?
True
Let v(o) = -28*o - 8. Let l be v(-12). Suppose 4*f - 4*u + 64 = 368, -4*f = 4*u - l. Is f a prime number?
True
Is -2*((-12)/30)/(4/4535) prime?
True
Suppose 3*v - 3510 = -4*u, 3*u + v + 1760 = 5*u. Is u prime?
False
Suppose 1335 = 11*b - 8*b. Is b prime?
False
Suppose 20*g - 4156 = 16*g. Is g prime?
True
Suppose 0 = -0*u + u - 29. Let s = 94 - u. Is s prime?
False
Suppose -5*f - 36 = -11, 5*q - 2285 = -f. Is q prime?
False
Suppose -3*d + 164 = 2*v - 5*d, 2*v - 5*d = 164. Is v prime?
False
Let x = 13 - 8. Suppose 0 = 5*u - 3*l + x*l - 1117, -2*u - l = -447. Is u a prime number?
True
Suppose -3283 = -v - 534. Is v prime?
True
Let l = 5 + -2. Suppose -2*k - 89 = -5*h, l*k = 4*h - 0*h - 151. Let i = 152 + k. Is i a composite number?
True
Let p = 0 - -8. Let b(l) be the third derivative of -l**5/60 + 17*l**4/24 - l**3/6 - l**2. Is b(p) a prime number?
True
Let q(c) = -4*c - 1. Let t be q(-1). Suppose 281 = 3*g - 5*k, t*k = -5*g + 2*k + 487. Is g a composite number?
False
Suppose 2096 = 6*y - 3730. Is y a composite number?
False
Let i(f) = 1 + 4*f + 0 - 1 + 1. Is i(5) composite?
True
Let o(f) = f - 1. Let h be o(1). Is (-58 + h)*(-15)/6 a composite number?
True
Suppose -2*k = -7*k - 20, 3*d = 2*k + 677. Is d composite?
False
Let q(m) be the third derivative of 29*m**6/40 - m**5/60 + m**4/12 - m**3/6 - 4*m**2. Is q(1) composite?
True
Let v(x) = -x**3 - 8*x**2 + 14*x + 14. Let h = 4 - 7. Let t be h*(-3 - 19/(-3)). Is v(t) composite?
True
Let g(o) be the first derivative of 31*o**2/2 + 3*o + 2. Is g(4) composite?
False
Let u = -5 - -1. Let f = u - -4. Suppose 3*j + j + 20 = f, 119 = 2*z - 5*j. Is z prime?
True
Let j(p) = -p**3 + 6*p**2 + 2*p + 8. Let g be j(6). Suppose 4*k + 2*h = 4*h + 20, -5*h = g. Suppose -k*q = -0*q - 9. Is q a prime number?
True
Let b(m) = -10*m + 13. Let a(g) = 4*g**2 - 1. Let d be a(1). Let w(v) = 5*v - 7. Let l(j) = d*b(j) + 5*w(j). Is l(-3) a prime number?
True
Suppose -20 = 5*d - 3*d. Is d/(0 + 2/(-19)) a composite number?
True
Suppose 0 = 4*q - 35 + 11. Let k be (-4)/q - 100/(-15). Is (-201)/(-2)*4/k prime?
True
Suppose -925 = -l + 358. Is l a composite number?
False
Suppose -5*c + 5*t - 6*t = -7930, t - 5 = 0. Is c prime?
False
Suppose -5*c = 2*r + r - 3826, -2*r = -4*c - 2558. Is r prime?
True
Let j be 1*-1*2/2. Is 2/4*j*-178 composite?
False
Suppose 3*g - 3 - 3 = 0. Is -4 - -6 - (g - 3) prime?
True
Let h be 284/(-6)*36/(-3). Let k be 12/(-8)*h